{"id":356,"date":"2021-01-13T16:46:48","date_gmt":"2021-01-13T16:46:48","guid":{"rendered":"https:\/\/farangis.de\/edition\/?page_id=356"},"modified":"2026-02-28T18:06:39","modified_gmt":"2026-02-28T18:06:39","slug":"philozoe","status":"publish","type":"page","link":"https:\/\/farangis.de\/edition\/reader\/philozoe\/","title":{"rendered":"Philozoe"},"content":{"rendered":"<p><a href=\"https:\/\/simorgh.de\/about\/wp-content\/uploads\/2020\/12\/philozoe_e-reader_head_1a.png\"><img loading=\"lazy\" class=\"alignnone size-full wp-image-3622\" src=\"https:\/\/simorgh.de\/about\/wp-content\/uploads\/2020\/12\/philozoe_e-reader_head_1a.png\" sizes=\"(max-width: 1315px) 100vw, 1315px\" srcset=\"https:\/\/simorgh.de\/about\/wp-content\/uploads\/2020\/12\/philozoe_e-reader_head_1a.png 1315w, https:\/\/simorgh.de\/about\/wp-content\/uploads\/2020\/12\/philozoe_e-reader_head_1a-300x83.png 300w, https:\/\/simorgh.de\/about\/wp-content\/uploads\/2020\/12\/philozoe_e-reader_head_1a-1024x282.png 1024w, https:\/\/simorgh.de\/about\/wp-content\/uploads\/2020\/12\/philozoe_e-reader_head_1a-768x211.png 768w, https:\/\/simorgh.de\/about\/wp-content\/uploads\/2020\/12\/philozoe_e-reader_head_1a-250x69.png 250w\" alt=\"\" width=\"1315\" height=\"362\" \/><\/a><\/p>\n<p><em>Deutsche Ausgabe:<\/em><\/p>\n<p><strong>Philozoe, ISSN 2702-816X.<\/strong><\/p>\n<p><em><strong>Ein E-Bl\u00e4tterwald \u00fcber Bildschaffung, Mythologien und Subjektsein.<\/strong><\/em><\/p>\n<p><a href=\"https:\/\/farangis.de\/philozoe\/edition_farangis_philozoe_DE_2026_2.pdf\">Edition Farangis: Philozoe, Jahrgang 7, Nr. 2, Februar 2026. Lehnmythologeme (1): Farangis G. Yegane und die Mythologeme des Mithraismus<\/a><\/p>\n<p><a href=\"https:\/\/farangis.de\/philozoe\/edition_farangis_philozoe_DE_2026_1.pdf\">Edition Farangis: Philozoe, Jahrgang 7, Nr. 1, Februar 2026. Squatting Practical Ethics &gt; \u00a0Antispekunst<\/a>.<\/p>\n<p><a href=\"https:\/\/farangis.de\/philozoe\/edition_farangis_philozoe_DE_2025_1.pdf\">Edition Farangis: Philozoe, Jahrgang 6, Nr. 1, Juli 2025. Baumschutz (1). Reihe:\u00a0<em>Biophil<\/em>.<\/a><\/p>\n<p><a href=\"https:\/\/farangis.de\/philozoe\/edition_farangis_philozoe_DE_2024_1.pdf\">Edition Farangis: Philozoe, Jahrgang 5, Nr. 1, Dezember 2024. Antispe statt Pop<\/a><\/p>\n<p><a href=\"https:\/\/farangis.de\/philozoe\/edition_farangis_philozoe_DE_2023_3.pdf\">Edition Farangis: Philozoe, Jahrgang 4, Nr. 3, September 2023. Die Erinnyen II: Troy.<\/a><\/p>\n<p><a href=\"https:\/\/farangis.de\/philozoe\/edition_farangis_philozoe_DE_2023_2.pdf\">Edition Farangis: Philozoe, Jahrgang 4, Nr. 2, September 2023. Die Erinnyen I: Daily Killings.<\/a><\/p>\n<p><a href=\"https:\/\/farangis.de\/philozoe\/edition_farangis_philozoe_DE_2023_1.pdf\">Edition Farangis: Philozoe, Jahrgang 4, Nr. 1, Februar 2023. Teufelsgeschichten. Freie Nacherz\u00e4hlungen und Bilder von Farangis.<\/a><\/p>\n<p><a href=\"https:\/\/farangis.de\/philozoe\/edition_farangis_philozoe_DE_2022_3.pdf\">Edition Farangis: Philozoe, Jahrgang 3, Nr. 3, Juni 2022. Sohhak. Eine Interpretation von Farangis.<\/a><\/p>\n<p><a href=\"https:\/\/farangis.de\/philozoe\/edition_farangis_philozoe_DE_2022_2.pdf\">Edition Farangis: Philozoe, Jahrgang 3, Nr. 2, 27. Mai 2022. Leuchtfunken in K\u00e4ferseelen. Beitr\u00e4ge zu s\u00e4kularer Mystik.<\/a><\/p>\n<p><a href=\"https:\/\/farangis.de\/philozoe\/edition_farangis_philozoe_DE_2022_1.pdf\">Edition Farangis: Philozoe, Jahrgang 3, Nr. 1, Mai 2022. Punk als Suche nach weiblicher Autonomie.<\/a><\/p>\n<p><a href=\"https:\/\/farangis.de\/philozoe\/edition_farangis_philozoe_DE_2021_3.pdf\">Edition Farangis: Philozoe, Jahrgang 2, Nr. 3, M\u00e4rz 2021. Zum Beispiel Mithras II.<\/a><\/p>\n<p><a href=\"https:\/\/farangis.de\/philozoe\/edition_farangis_philozoe_DE_2021_2.pdf\">Edition Farangis: Philozoe, Jahrgang 2, Nr. 2, Februar 2021. Von Katzen und M\u00e4usen.<\/a><\/p>\n<p><a href=\"https:\/\/farangis.de\/philozoe\/edition_farangis_philozoe_DE_2021_1.pdf\">Edition Farangis: Philozoe, Jahrgang 2, Nr. 1, Januar 2021. Zum Beispiel Mithras I.<\/a><\/p>\n<p><a href=\"https:\/\/farangis.de\/philozoe\/edition_farangis_philozoe_DE_2020_1.pdf\">Edition Farangis: Philozoe, Jahrgang 1, Nr. 2, Dezember 2020. Das Gef\u00e4\u00df als Metapher I.<\/a><\/p>\n<hr \/>\n<p><em>English edition:<\/em><\/p>\n<p><strong>Philozoe, ISSN 2702-8178.<\/strong><\/p>\n<p><em><strong> An e-journal on image creation, mythologies and experiencing subjectivity.<\/strong><\/em><\/p>\n<p><a href=\"https:\/\/farangis.de\/philozoe\/edition_farangis_philozoe_EN_2026_1.pdf\">Edition Farangis: Philozoe. Volume 4, No. 1, February 2026. Animalistic Issue &gt; Art and Speciesism 2.<\/a><\/p>\n<p><a href=\"https:\/\/farangis.de\/philozoe\/edition_farangis_philozoe_EN_2024_1.pdf\">Edition Farangis: Philozoe. Volume 3, No. 1, January 2024. Animalistic Issue &gt; Art and Speciesism 1.<\/a><\/p>\n<p><a href=\"https:\/\/farangis.de\/philozoe\/edition_farangis_philozoe_EN_2021_3.pdf\">Edition Farangis: Philozoe. Volume 2, No. 3, February 2021. For Example Mithras II.<\/a><\/p>\n<p><a href=\"https:\/\/farangis.de\/philozoe\/edition_farangis_philozoe_EN_2021_2.pdf\">Edition Farangis: Philozoe. Volume 2, No. 2, February 2021. About Cat and Mice.<\/a><\/p>\n<p><a href=\"https:\/\/farangis.de\/philozoe\/edition_farangis_philozoe_EN_2021_1.pdf\">Edition Farangis: Philozoe. Volume 2, No. 1, January 2021. For Example Mithras I.<\/a><\/p>\n<p><a href=\"https:\/\/farangis.de\/philozoe\/edition_farangis_philozoe_EN_2020_1.pdf\">Edition Farangis: Philozoe. Volume 1, No. 1, December 2020. The Vessel as a Metaphor I.<\/a><\/p>\n<hr \/>\n<p>Das Journal PHILOZOE, das sich zumeist aus bildender Kunst und textlichen Beitr\u00e4gen von Farangis G. Yegane Arani und Gita Yegane Arani zusammensetzt, widmet sich Fragen der Kunstschaffung nicht als Selbstzweck, sondern als Wunsch des kommunikativen, dem Lebendigen gegen\u00fcber verantwortlichen Ausdrucks. Im Weiteren werden auch themenrelevante \u00dcbersetzungstexte, Gastbeitr\u00e4ge und Snippets mit einbezogen.<\/p>\n<p>In mythischen R\u00e4umen der Vergangenheit findet sich das menschliche Individuum mit all seinen Fragen und all seinen gedanklichen Thesenbildungen wieder, mit denen es sich die Welt erkl\u00e4rt und sich in die Welt neu einbringt. Das Element des \u201cZeitlosen\u201d spiegelt sich als \u00dcbergreifendes im Umgang mit \u201cGeschichte\u201d. Das Leben unter Menschen als \u201cMensch\u201d im \u201cAll-Leben\u201d \/ der Welt, ist zeitlos und f\u00e4hig, sich frei vom Zwang jedweder Homogenit\u00e4t zu bewegen, obgleich es die Begegnung zu allem anderen Lebendigen suchen kann.<\/p>\n<p>Wie \u201cMensch-\u201cSein \u2013 unter Menschen in Gesellschaften, deren soziale Anpassungsleistungen die Preisgabe eigener Erkenntnissuche einzufordern scheinen?<\/p>\n<p>Das Menschsein als Teil eines Ganzen zu bewahren, das sich in eigener Form allen anderen Formen gegen\u00fcber sieht. Die Kunst als Sprache der Verbildlichung, ist v\u00f6llige Bewusstmachung von Form. Mit der Gestalt zu arbeiten kann auf vielen verschiedenen inhaltlichen Ebenen stattfinden. Hier ist Form Ausdruck unvermittelten Seins, dass sich der Welt als pluraler Vielheit und Singularit\u00e4t begegnend erlebt.<\/p>\n<p>Wesen als \u201cMensch\u201d au\u00dferhalb des \u201cMenschseins\u201d sein, in der Geschichte, in der alles neu dekliniert wird durch die Erlebniswelt der radikalen, ganzen Subjektivit\u00e4t.<\/p>\n<hr \/>\n<p><strong>Zur Kunst von Farangis G. Yegane Arani<\/strong><\/p>\n<p><em>Ethische Fragen, Bildnisse und Bildschaffung. Keine Kunst, sondern Bildsprache.<\/em><\/p>\n<p>Eine Sinnsuche liegt in der Frage: was ist Kunst? K\u00fcnstler werden zu allen Zeiten ihre eigenen oder \u00fcbernommenen Meinungen dazu abgeben. Waren G\u00f6tterstatuen oder Ikonenmalerei in religi\u00f6s beeinflussten Zivilisationen Arbeiten von K\u00fcnstlern? Sind die Verherrlichung politischer Ideen oder die Gesellschaft kritisierende Werke Kunst? Oder reicht die Kunst daf\u00fcr aus technisch gro\u00dfartig zu sein oder angenehme Eindr\u00fccke zu hinterlassen oder gut sich in \u00f6ffentliche oder private R\u00e4ume einzupassen?<\/p>\n<p>Nicht nur im sch\u00f6pferischen Gestalten, meist \u00fcber verschiedene Medien, hat sich FARANGIS immer wieder um die Sinnsuche, was die Kunst betrifft, bem\u00fcht. Sie verfolgte dabei, wie auch einige andere Kunstschaffende, die Spuren in die Vergangenheit und untersucht Merkmale in unseren heutigen Gesellschaftsformen. Sie zeigt sich lernbereit die Ausdrucksstile alter und fremder Kulturen zu verarbeiten.<\/p>\n<p>K\u00f6nnen Kunstschaffende ohne jegliche Kommunikation leben? Viele suchen verdeckt oder offen den geistigen Hintergrund ihrer Arbeiten aufzuzeigen.<\/p>\n<p>FARANGIS hat in den Jahren intensiver Arbeit verschiedene Werkzyklen geschaffen, die teils auf antiker Formensprache aufgebaut sind, wie beispielsweise die Ausstellung ZUM BEISPIEL MITHRAS, oder auch der Bilderzyklus DIE ERINNYEN. Sie arbeitet in gestischer Malerei, wie auch in Zeichnung, Skulpturen und Rauminstallationen. Im Werkzyklus FLORAE OBSCURAE erschuf sie Raumerfahrungen mit Mischwesen, die teils menschliche, teils tierische Z\u00fcge haben. Sie scheinen das Unbewusste anzusprechen oder auch das Fremde, das uns anzieht und zugleich be\u00e4ngstigt.<\/p>\n<p>Farangis ist auf steter Wanderschaft bei ihrer Sinnsuche in der k\u00fcnstlerischen Arbeit. Es l\u00e4sst sich feststellen, dass sie teils bewusst, teils unbewusst, die Obligation gegen\u00fcber der Kunst sieht.<\/p>\n<p><a href=\"https:\/\/simorgh.de\/about\/wp-content\/uploads\/2020\/12\/farangis_yegane_church_2a.png\"><img loading=\"lazy\" class=\"alignnone size-full wp-image-3643\" src=\"https:\/\/simorgh.de\/about\/wp-content\/uploads\/2020\/12\/farangis_yegane_church_2a.png\" sizes=\"(max-width: 1549px) 100vw, 1549px\" srcset=\"https:\/\/simorgh.de\/about\/wp-content\/uploads\/2020\/12\/farangis_yegane_church_2a.png 1549w, https:\/\/simorgh.de\/about\/wp-content\/uploads\/2020\/12\/farangis_yegane_church_2a-215x300.png 215w, https:\/\/simorgh.de\/about\/wp-content\/uploads\/2020\/12\/farangis_yegane_church_2a-732x1024.png 732w, https:\/\/simorgh.de\/about\/wp-content\/uploads\/2020\/12\/farangis_yegane_church_2a-768x1074.png 768w, https:\/\/simorgh.de\/about\/wp-content\/uploads\/2020\/12\/farangis_yegane_church_2a-1098x1536.png 1098w, https:\/\/simorgh.de\/about\/wp-content\/uploads\/2020\/12\/farangis_yegane_church_2a-1465x2048.png 1465w, https:\/\/simorgh.de\/about\/wp-content\/uploads\/2020\/12\/farangis_yegane_church_2a-250x350.png 250w\" alt=\"\" width=\"1549\" height=\"2166\" \/><\/a><\/p>\n<p>Das Foto oben stammt vom 22. Deutscher Evangelischer Kirchentag, der unter dem Thema \u201eSeht, welch ein Mensch\u201c (Joh 19,5 LUT84) in Frankfurt am Main stattfand. Farangis hat dazu mit einigen K\u00fcnstlerinnen gemeinsam das ehemalige Geb\u00e4ude der Dornbuschgemeinde gestaltet. Das Foto unten stammt aus einer Kapelle im Taunus, die Farangis mit dem gleichen Motiv gestaltet hatte. Leider ist mir der Ort an dem dies stattfand nicht bekannt.<\/p>\n<p><a href=\"https:\/\/simorgh.de\/about\/wp-content\/uploads\/2020\/12\/church_farangis_g_yegane_3a.png\"><img loading=\"lazy\" class=\"alignnone size-full wp-image-3651\" src=\"https:\/\/simorgh.de\/about\/wp-content\/uploads\/2020\/12\/church_farangis_g_yegane_3a.png\" sizes=\"(max-width: 2229px) 100vw, 2229px\" srcset=\"https:\/\/simorgh.de\/about\/wp-content\/uploads\/2020\/12\/church_farangis_g_yegane_3a.png 2229w, https:\/\/simorgh.de\/about\/wp-content\/uploads\/2020\/12\/church_farangis_g_yegane_3a-300x214.png 300w, https:\/\/simorgh.de\/about\/wp-content\/uploads\/2020\/12\/church_farangis_g_yegane_3a-1024x729.png 1024w, https:\/\/simorgh.de\/about\/wp-content\/uploads\/2020\/12\/church_farangis_g_yegane_3a-768x547.png 768w, https:\/\/simorgh.de\/about\/wp-content\/uploads\/2020\/12\/church_farangis_g_yegane_3a-1536x1094.png 1536w, https:\/\/simorgh.de\/about\/wp-content\/uploads\/2020\/12\/church_farangis_g_yegane_3a-2048x1458.png 2048w, https:\/\/simorgh.de\/about\/wp-content\/uploads\/2020\/12\/church_farangis_g_yegane_3a-250x178.png 250w\" alt=\"\" width=\"2229\" height=\"1587\" \/><\/a><\/p>\n<p><strong>Links:<\/strong><\/p>\n<p><a href=\"https:\/\/simorgh.de\/biografie\/we-family\/farangis-yegane\/\"><em>Biografisches<\/em><\/a><em> und <a href=\"https:\/\/simorgh.de\/biografie\/we-family\/farangis-yegane\/vita\/\">Vita<\/a> von Farangis.<\/em><\/p>\n<p><em>Background-Infos: Gita Yegane Arani &gt; <a href=\"https:\/\/simorgh.de\/biografie\/we-family\/gita-yegane-arani\/\">https:\/\/simorgh.de\/biografie\/we-family\/gita-yegane-arani\/<\/a><\/em><\/p>\n","protected":false},"excerpt":{"rendered":"<div class=\"entry-summary\">\nDeutsche Ausgabe: Philozoe, ISSN 2702-816X. Ein E-Bl\u00e4tterwald \u00fcber Bildschaffung, Mythologien und Subjektsein. Edition Farangis: Philozoe, Jahrgang 7, Nr. 2, Februar&hellip;\n<\/div>\n<div class=\"link-more\"><a href=\"https:\/\/farangis.de\/edition\/reader\/philozoe\/\" class=\"more-link\">Continue reading<span class=\"screen-reader-text\"> &ldquo;Philozoe&rdquo;<\/span>&hellip;<\/a><\/div>\n","protected":false},"author":1,"featured_media":122,"parent":167,"menu_order":0,"comment_status":"closed","ping_status":"closed","template":"","meta":[],"_links":{"self":[{"href":"https:\/\/farangis.de\/edition\/wp-json\/wp\/v2\/pages\/356"}],"collection":[{"href":"https:\/\/farangis.de\/edition\/wp-json\/wp\/v2\/pages"}],"about":[{"href":"https:\/\/farangis.de\/edition\/wp-json\/wp\/v2\/types\/page"}],"author":[{"embeddable":true,"href":"https:\/\/farangis.de\/edition\/wp-json\/wp\/v2\/users\/1"}],"replies":[{"embeddable":true,"href":"https:\/\/farangis.de\/edition\/wp-json\/wp\/v2\/comments?post=356"}],"version-history":[{"count":16,"href":"https:\/\/farangis.de\/edition\/wp-json\/wp\/v2\/pages\/356\/revisions"}],"predecessor-version":[{"id":675,"href":"https:\/\/farangis.de\/edition\/wp-json\/wp\/v2\/pages\/356\/revisions\/675"}],"up":[{"embeddable":true,"href":"https:\/\/farangis.de\/edition\/wp-json\/wp\/v2\/pages\/167"}],"wp:featuredmedia":[{"embeddable":true,"href":"https:\/\/farangis.de\/edition\/wp-json\/wp\/v2\/media\/122"}],"wp:attachment":[{"href":"https:\/\/farangis.de\/edition\/wp-json\/wp\/v2\/media?parent=356"}],"curies":[{"name":"wp","href":"https:\/\/api.w.org\/{rel}","templated":true}]}}